ainder when 4708 is divided by 277.
276
What is the remainder when 25483 is divided by 8492?
7
What is the remainder when 475 is divided by 74?
31
Calculate the remainder when 16744 is divided by 21.
7
What is the remainder when 15745 is divided by 1106?
261
Calculate the remainder when 1159 is divided by 284.
23
What is the remainder when 50740 is divided by 9?
7
What is the remainder when 482 is divided by 31?
17
Calculate the remainder when 10946 is divided by 476.
474
What is the remainder when 4014 is divided by 12?
6
What is the remainder when 1044 is divided by 314?
102
What is the remainder when 17758 is divided by 13?
0
Calculate the remainder when 351449 is divided by 308.
21
What is the remainder when 4822 is divided by 348?
298
Calculate the remainder when 2925936 is divided by 1462967.
2
What is the remainder when 3929 is divided by 19?
15
What is the remainder when 6786 is divided by 1118?
78
Calculate the remainder when 36982 is divided by 82.
0
Calculate the remainder when 193333 is divided by 189.
175
What is the remainder when 220273 is divided by 75?
73
Calculate the remainder when 103433 is divided by 431.
424
What is the remainder when 3103 is divided by 295?
153
Calculate the remainder when 3649 is divided by 1113.
310
Calculate the remainder when 18623 is divided by 48.
47
Calculate the remainder when 29869 is divided by 679.
672
What is the remainder when 2920 is divided by 1021?
878
Calculate the remainder when 7892 is divided by 1314.
8
What is the remainder when 141124 is divided by 35278?
12
Calculate the remainder when 7272 is divided by 82.
56
Calculate the remainder when 2127 is divided by 62.
19
What is the remainder when 26747 is divided by 2968?
35
What is the remainder when 12557 is divided by 78?
77
What is the remainder when 10840 is divided by 2131?
185
What is the remainder when 81612 is divided by 40722?
168
Calculate the remainder when 2797 is divided by 6.
1
What is the remainder when 316723 is divided by 808?
795
Calculate the remainder when 1055 is divided by 41.
30
What is the remainder when 41519 is divided by 81?
47
Calculate the remainder when 458770 is divided by 7.
4
Calculate the remainder when 6650 is divided by 831.
2
Calculate the remainder when 15606 is divided by 132.
30
Calculate the remainder when 683390 is divided by 304.
302
Calculate the remainder when 3378 is divided by 1662.
54
Calculate the remainder when 37845 is divided by 3780.
45
Calculate the remainder when 42935 is divided by 8563.
120
What is the remainder when 47103 is divided by 163?
159
What is the remainder when 31522 is divided by 179?
18
Calculate the remainder when 7473 is divided by 1484.
53
What is the remainder when 194968 is divided by 291?
289
Calculate the remainder when 11591 is divided by 14.
13
Calculate the remainder when 8128 is divided by 2684.
76
Calculate the remainder when 11421 is divided by 211.
27
Calculate the remainder when 9343 is divided by 3082.
97
Calculate the remainder when 5117 is divided by 102.
17
Calculate the remainder when 61032 is divided by 93.
24
What is the remainder when 1582 is divided by 14?
0
Calculate the remainder when 3235 is divided by 3186.
49
What is the remainder when 4366 is divided by 96?
46
What is the remainder when 27402 is divided by 27246?
156
Calculate the remainder when 225409 is divided by 517.
514
What is the remainder when 355 is divided by 353?
2
Calculate the remainder when 14009 is divided by 182.
177
Calculate the remainder when 3957 is divided by 22.
19
Calculate the remainder when 20746 is divided by 2302.
28
What is the remainder when 404108 is divided by 322?
320
Calculate the remainder when 5912 is divided by 339.
149
What is the remainder when 36071 is divided by 28?
7
What is the remainder when 1528 is divided by 171?
160
What is the remainder when 71893 is divided by 206?
205
What is the remainder when 7440 is divided by 2474?
18
What is the remainder when 12352 is divided by 142?
140
Calculate the remainder when 17674 is divided by 17639.
35
Calculate the remainder when 12023 is divided by 167.
166
What is the remainder when 4192239 is divided by 20?
19
What is the remainder when 217673 is divided by 4186?
1
What is the remainder when 1957 is divided by 55?
32
What is the remainder when 7523 is divided by 458?
195
Calculate the remainder when 48050 is divided by 616.
2
What is the remainder when 222722 is divided by 1475?
1472
What is the remainder when 58413 is divided by 29?
7
What is the remainder when 42682 is divided by 5335?
2
Calculate the remainder when 8904 is divided by 4445.
14
Calculate the remainder when 28402 is divided by 14022.
358
What is the remainder when 45271 is divided by 123?
7
Calculate the remainder when 124643 is divided by 188.
187
Calculate the remainder when 7869 is divided by 27.
12
Calculate the remainder when 3382 is divided by 966.
484
Calculate the remainder when 49340 is divided by 514.
510
What is the remainder when 11549 is divided by 11532?
17
Calculate the remainder when 19592 is divided by 1398.
20
What is the remainder when 7227 is divided by 900?
27
What is the remainder when 6335 is divided by 2109?
8
Calculate the remainder when 20855 is divided by 2978.
9
What is the remainder when 253940 is divided by 679?
673
What is the remainder when 63299 is divided by 62?
59
Calculate the remainder when 6202 is divided by 37.
23
What is the remainder when 84788 is divided by 139?
137
Calculate the remainder when 76634 is divided by 19.
7
Calculate the remainder when 10637 is divided by 54.
53
What is the remainder when 4637 is divided by 780?
737
What is the remainder when 64271 is divided by 519?
434
What is the remainder when 360532 is divided by 42?
4
Calculate the remainder when 18946 is divided by 85.
76
Calculate the remainder when 317148 is divided by 50.
48
Calculate the remainder when 1941 is divided by 646.
3
What is the remainder when 24892 is divided by 59?
53
What is the remainder when 3097 is divided by 144?
73
Calculate the remainder when 12407 is divided by 682.
131
Calculate the remainder when 590650 is divided by 108.
106
Calculate the remainder when 1658 is divided by 782.
94
Calculate the remainder when 6510 is divided by 25.
10
Calculate the remainder when 43357 is divided by 32.
29
Calculate the remainder when 30097 is divided by 558.
523
What is the remainder when 3046745 is divided by 617?
616
Calculate the remainder when 5592 is divided by 470.
422
Calculate the remainder when 1314 is divided by 67.
41
What is the remainder when 1469965 is divided by 489983?
16
What is the remainder when 16027 is divided by 22?
11
Calculate the remainder when 283879 is divided by 401.
372
Calculate the remainder when 916088 is divided by 230.
228
What is the remainder when 74242 is divided by 37113?
16
Calculate the remainder when 51113 is divided by 1246.
27
Calculate the remainder when 18616 is divided by 174.
172
What is the remainder when 226144 is divided by 113063?
18
Calculate the remainder when 26291 is divided by 45.
11
What is the remainder when 4668 is divided by 96?
60
Calculate the remainder when 53419 is divided by 17785.
64
Calculate the remainder when 120415 is divided by 53.
52
Calculate the remainder when 45905 is divided by 41.
26
Calculate the remainder when 248 is divided by 240.
8
What is the remainder when 45930 is divided by 1181?
1052
Calculate the remainder when 73158 is divided by 446.
14
Calculate the remainder when 3723 is divided by 766.
659
Calculate the remainder when 29036 is divided by 526.
106
Calculate the remainder when 76303 is divided by 638.
381
Calculate the remainder when 3289755 is divided by 129.
126
Calculate the remainder when 13697 is divided by 804.
29
What is the remainder when 852925 is divided by 56861?
10
Calculate the remainder when 481 is divided by 10.
1
What is the remainder when 150468 is divided by 56?
52
What is the remainder when 102 is divided by 76?
26
What is the remainder when 4293 is divided by 62?
15
What is the remainder when 48211 is divided by 5345?
106
Calculate the remainder when 593531 is divided by 391.
384
What is the remainder when 3889 is divided by 423?
82
Calculate the remainder when 9931184 is divided by 19.
17
Calculate t